{"id":65,"date":"2018-09-03T15:15:26","date_gmt":"2018-09-03T15:15:26","guid":{"rendered":"http:\/\/fanfareuid.ch\/wordpress\/?page_id=65"},"modified":"2026-01-31T14:29:01","modified_gmt":"2026-01-31T13:29:01","slug":"la-commission-de-musique","status":"publish","type":"page","link":"https:\/\/fanfareuid.ch\/wordpress\/la-commission-de-musique\/","title":{"rendered":"LA COMMISSION DE MUSIQUE"},"content":{"rendered":"<section data-bb-version=\"4.5.5\" id=\"bt_bb_section6a967e6b916d0\" class=\"bt_bb_section bt_bb_layout_boxed_1200\"  data-bt-override-class=\"null\"><div class=\"bt_bb_port\"><div class=\"bt_bb_cell\"><div class=\"bt_bb_cell_inner\"><div class=\"bt_bb_row \"  data-bt-override-class=\"{}\"><div class=\"bt_bb_row_holder\" ><div data-bb-version=\"4.5.5\"  class=\"bt_bb_column col-xxl-12 col-xl-12 col-xs-12 col-sm-12 col-md-12 col-lg-12 bt_bb_vertical_align_top bt_bb_align_left bt_bb_padding_normal\" style=\"; --column-width:12;\" data-width=\"12\" data-bt-override-class=\"{}\"><div class=\"bt_bb_column_content\"><div class=\"bt_bb_column_content_inner\"><div data-bb-version=\"4.5.5\"  class=\"bt_bb_text\" ><\/p>\n<h3>La commission de musique<\/h3>\n<p>Le musicien doit avoir du plaisir \u00e0 jouer, tel est l\u2019objectif principal de la commission de musique (CM). Elle a pour responsabilit\u00e9 la gestion de toute la partie musicale de la soci\u00e9t\u00e9 qui va du choix de l\u2019instrumentation et des morceaux pour l\u2019ensemble, \u00e0 l\u2019impression des partitions pour une quarantaine de membres, en passant par l\u2019organisation des ressources pour les \u00e9v\u00e9nements de la soci\u00e9t\u00e9.<\/p>\n<p>L\u2019UID joue un r\u00e9pertoire vari\u00e9 qui passe par de la musique classique et moderne,&nbsp; de la musique de films et des morceaux plus traditionnels comme des marches.<\/p>\n<ul>\n<li>Pr\u00e9sidence \u2013 Laetitia Lehmann (saxophone)<\/li>\n<li>Direction \u2013 Biagio Musumeci<\/li>\n<li>Membre \u2013 Henri-Philippe Degueldre (clarinette)<\/li>\n<li>Membre \u2013 Mo\u00efra Schmidlin (fl\u00fbte traversi\u00e8re)<\/li>\n<li>Membre \u2013 Cathy Jeandupeux (trombone)<\/li>\n<li>Elia Voisard (trompette)<\/li>\n<li><em>Guillaume Milani (resp. archives)<\/em><\/li>\n<\/ul>\n<p>\n<\/div><\/div><\/div><\/div><\/div><\/div><\/div><!-- cell_inner --><\/div><!-- cell --><\/div><!-- port --><\/section>\n","protected":false},"excerpt":{"rendered":"","protected":false},"author":1,"featured_media":0,"parent":0,"menu_order":0,"comment_status":"closed","ping_status":"closed","template":"","meta":{"_acf_changed":false,"ngg_post_thumbnail":0,"footnotes":""},"class_list":["post-65","page","type-page","status-publish","hentry"],"yoast_head":"<!-- This site is optimized with the Yoast SEO plugin v27.2 - https:\/\/yoast.com\/product\/yoast-seo-wordpress\/ -->\n<title>LA COMMISSION DE MUSIQUE - Fanfare Union Instrumentale Del\u00e9mont<\/title>\n<meta name=\"robots\" content=\"index, follow, max-snippet:-1, max-image-preview:large, max-video-preview:-1\" \/>\n<link rel=\"canonical\" href=\"https:\/\/fanfareuid.ch\/wordpress\/la-commission-de-musique\/\" \/>\n<meta property=\"og:locale\" content=\"fr_FR\" \/>\n<meta property=\"og:type\" content=\"article\" \/>\n<meta property=\"og:title\" content=\"LA COMMISSION DE MUSIQUE - Fanfare Union Instrumentale Del\u00e9mont\" \/>\n<meta property=\"og:url\" content=\"https:\/\/fanfareuid.ch\/wordpress\/la-commission-de-musique\/\" \/>\n<meta property=\"og:site_name\" content=\"Fanfare Union Instrumentale Del\u00e9mont\" \/>\n<meta property=\"article:modified_time\" content=\"2026-01-31T13:29:01+00:00\" \/>\n<script type=\"application\/ld+json\" class=\"yoast-schema-graph\">{\"@context\":\"https:\/\/schema.org\",\"@graph\":[{\"@type\":\"WebPage\",\"@id\":\"https:\/\/fanfareuid.ch\/wordpress\/la-commission-de-musique\/\",\"url\":\"https:\/\/fanfareuid.ch\/wordpress\/la-commission-de-musique\/\",\"name\":\"LA COMMISSION DE MUSIQUE - Fanfare Union Instrumentale Del\u00e9mont\",\"isPartOf\":{\"@id\":\"https:\/\/fanfareuid.ch\/wordpress\/#website\"},\"datePublished\":\"2018-09-03T15:15:26+00:00\",\"dateModified\":\"2026-01-31T13:29:01+00:00\",\"breadcrumb\":{\"@id\":\"https:\/\/fanfareuid.ch\/wordpress\/la-commission-de-musique\/#breadcrumb\"},\"inLanguage\":\"fr-FR\",\"potentialAction\":[{\"@type\":\"ReadAction\",\"target\":[\"https:\/\/fanfareuid.ch\/wordpress\/la-commission-de-musique\/\"]}]},{\"@type\":\"BreadcrumbList\",\"@id\":\"https:\/\/fanfareuid.ch\/wordpress\/la-commission-de-musique\/#breadcrumb\",\"itemListElement\":[{\"@type\":\"ListItem\",\"position\":1,\"name\":\"Accueil\",\"item\":\"https:\/\/fanfareuid.ch\/wordpress\/\"},{\"@type\":\"ListItem\",\"position\":2,\"name\":\"LA COMMISSION DE MUSIQUE\"}]},{\"@type\":\"WebSite\",\"@id\":\"https:\/\/fanfareuid.ch\/wordpress\/#website\",\"url\":\"https:\/\/fanfareuid.ch\/wordpress\/\",\"name\":\"Fanfare Union Instrumentale Del\u00e9mont\",\"description\":\"La fanfare de Del\u00e9mont !\",\"publisher\":{\"@id\":\"https:\/\/fanfareuid.ch\/wordpress\/#organization\"},\"potentialAction\":[{\"@type\":\"SearchAction\",\"target\":{\"@type\":\"EntryPoint\",\"urlTemplate\":\"https:\/\/fanfareuid.ch\/wordpress\/?s={search_term_string}\"},\"query-input\":{\"@type\":\"PropertyValueSpecification\",\"valueRequired\":true,\"valueName\":\"search_term_string\"}}],\"inLanguage\":\"fr-FR\"},{\"@type\":\"Organization\",\"@id\":\"https:\/\/fanfareuid.ch\/wordpress\/#organization\",\"name\":\"Union Instrumentale Delemont\",\"url\":\"https:\/\/fanfareuid.ch\/wordpress\/\",\"logo\":{\"@type\":\"ImageObject\",\"inLanguage\":\"fr-FR\",\"@id\":\"https:\/\/fanfareuid.ch\/wordpress\/#\/schema\/logo\/image\/\",\"url\":\"https:\/\/fanfareuid.ch\/wordpress\/wp-content\/uploads\/2019\/09\/LogoUID.png\",\"contentUrl\":\"https:\/\/fanfareuid.ch\/wordpress\/wp-content\/uploads\/2019\/09\/LogoUID.png\",\"width\":391,\"height\":206,\"caption\":\"Union Instrumentale Delemont\"},\"image\":{\"@id\":\"https:\/\/fanfareuid.ch\/wordpress\/#\/schema\/logo\/image\/\"}}]}<\/script>\n<!-- \/ Yoast SEO plugin. -->","yoast_head_json":{"title":"LA COMMISSION DE MUSIQUE - Fanfare Union Instrumentale Del\u00e9mont","robots":{"index":"index","follow":"follow","max-snippet":"max-snippet:-1","max-image-preview":"max-image-preview:large","max-video-preview":"max-video-preview:-1"},"canonical":"https:\/\/fanfareuid.ch\/wordpress\/la-commission-de-musique\/","og_locale":"fr_FR","og_type":"article","og_title":"LA COMMISSION DE MUSIQUE - Fanfare Union Instrumentale Del\u00e9mont","og_url":"https:\/\/fanfareuid.ch\/wordpress\/la-commission-de-musique\/","og_site_name":"Fanfare Union Instrumentale Del\u00e9mont","article_modified_time":"2026-01-31T13:29:01+00:00","schema":{"@context":"https:\/\/schema.org","@graph":[{"@type":"WebPage","@id":"https:\/\/fanfareuid.ch\/wordpress\/la-commission-de-musique\/","url":"https:\/\/fanfareuid.ch\/wordpress\/la-commission-de-musique\/","name":"LA COMMISSION DE MUSIQUE - Fanfare Union Instrumentale Del\u00e9mont","isPartOf":{"@id":"https:\/\/fanfareuid.ch\/wordpress\/#website"},"datePublished":"2018-09-03T15:15:26+00:00","dateModified":"2026-01-31T13:29:01+00:00","breadcrumb":{"@id":"https:\/\/fanfareuid.ch\/wordpress\/la-commission-de-musique\/#breadcrumb"},"inLanguage":"fr-FR","potentialAction":[{"@type":"ReadAction","target":["https:\/\/fanfareuid.ch\/wordpress\/la-commission-de-musique\/"]}]},{"@type":"BreadcrumbList","@id":"https:\/\/fanfareuid.ch\/wordpress\/la-commission-de-musique\/#breadcrumb","itemListElement":[{"@type":"ListItem","position":1,"name":"Accueil","item":"https:\/\/fanfareuid.ch\/wordpress\/"},{"@type":"ListItem","position":2,"name":"LA COMMISSION DE MUSIQUE"}]},{"@type":"WebSite","@id":"https:\/\/fanfareuid.ch\/wordpress\/#website","url":"https:\/\/fanfareuid.ch\/wordpress\/","name":"Fanfare Union Instrumentale Del\u00e9mont","description":"La fanfare de Del\u00e9mont !","publisher":{"@id":"https:\/\/fanfareuid.ch\/wordpress\/#organization"},"potentialAction":[{"@type":"SearchAction","target":{"@type":"EntryPoint","urlTemplate":"https:\/\/fanfareuid.ch\/wordpress\/?s={search_term_string}"},"query-input":{"@type":"PropertyValueSpecification","valueRequired":true,"valueName":"search_term_string"}}],"inLanguage":"fr-FR"},{"@type":"Organization","@id":"https:\/\/fanfareuid.ch\/wordpress\/#organization","name":"Union Instrumentale Delemont","url":"https:\/\/fanfareuid.ch\/wordpress\/","logo":{"@type":"ImageObject","inLanguage":"fr-FR","@id":"https:\/\/fanfareuid.ch\/wordpress\/#\/schema\/logo\/image\/","url":"https:\/\/fanfareuid.ch\/wordpress\/wp-content\/uploads\/2019\/09\/LogoUID.png","contentUrl":"https:\/\/fanfareuid.ch\/wordpress\/wp-content\/uploads\/2019\/09\/LogoUID.png","width":391,"height":206,"caption":"Union Instrumentale Delemont"},"image":{"@id":"https:\/\/fanfareuid.ch\/wordpress\/#\/schema\/logo\/image\/"}}]}},"acf":[],"_links":{"self":[{"href":"https:\/\/fanfareuid.ch\/wordpress\/wp-json\/wp\/v2\/pages\/65","targetHints":{"allow":["GET"]}}],"collection":[{"href":"https:\/\/fanfareuid.ch\/wordpress\/wp-json\/wp\/v2\/pages"}],"about":[{"href":"https:\/\/fanfareuid.ch\/wordpress\/wp-json\/wp\/v2\/types\/page"}],"author":[{"embeddable":true,"href":"https:\/\/fanfareuid.ch\/wordpress\/wp-json\/wp\/v2\/users\/1"}],"replies":[{"embeddable":true,"href":"https:\/\/fanfareuid.ch\/wordpress\/wp-json\/wp\/v2\/comments?post=65"}],"version-history":[{"count":30,"href":"https:\/\/fanfareuid.ch\/wordpress\/wp-json\/wp\/v2\/pages\/65\/revisions"}],"predecessor-version":[{"id":4708,"href":"https:\/\/fanfareuid.ch\/wordpress\/wp-json\/wp\/v2\/pages\/65\/revisions\/4708"}],"wp:attachment":[{"href":"https:\/\/fanfareuid.ch\/wordpress\/wp-json\/wp\/v2\/media?parent=65"}],"curies":[{"name":"wp","href":"https:\/\/api.w.org\/{rel}","templated":true}]}}

<section data-bb-version="4.5.5" id="bt_bb_section6a967e6b916d0" class="bt_bb_section bt_bb_layout_boxed_1200"  data-bt-override-class="null"><div class="bt_bb_port"><div class="bt_bb_cell"><div class="bt_bb_cell_inner"><div class="bt_bb_row "  data-bt-override-class="{}"><div class="bt_bb_row_holder" ><div data-bb-version="4.5.5"  class="bt_bb_column col-xxl-12 col-xl-12 col-xs-12 col-sm-12 col-md-12 col-lg-12 bt_bb_vertical_align_top bt_bb_align_left bt_bb_padding_normal" style="; --column-width:12;" data-width="12" data-bt-override-class="{}"><div class="bt_bb_column_content"><div class="bt_bb_column_content_inner"><div data-bb-version="4.5.5"  class="bt_bb_text" ></p>
<h3>La commission de musique</h3>
<p>Le musicien doit avoir du plaisir à jouer, tel est l’objectif principal de la commission de musique (CM). Elle a pour responsabilité la gestion de toute la partie musicale de la société qui va du choix de l’instrumentation et des morceaux pour l’ensemble, à l’impression des partitions pour une quarantaine de membres, en passant par l’organisation des ressources pour les événements de la société.</p>
<p>L’UID joue un répertoire varié qui passe par de la musique classique et moderne,&nbsp; de la musique de films et des morceaux plus traditionnels comme des marches.</p>
<ul>
<li>Présidence – Laetitia Lehmann (saxophone)</li>
<li>Direction – Biagio Musumeci</li>
<li>Membre – Henri-Philippe Degueldre (clarinette)</li>
<li>Membre – Moïra Schmidlin (flûte traversière)</li>
<li>Membre – Cathy Jeandupeux (trombone)</li>
<li>Elia Voisard (trompette)</li>
<li><em>Guillaume Milani (resp. archives)</em></li>
</ul>
<p>
</div></div></div></div></div></div></div><!-- cell_inner --></div><!-- cell --></div><!-- port --></section>

<!-- This site is optimized with the Yoast SEO plugin v27.2 - https://yoast.com/product/yoast-seo-wordpress/ -->
<title>LA COMMISSION DE MUSIQUE - Fanfare Union Instrumentale Delémont</title>
<meta name="robots" content="index, follow, max-snippet:-1, max-image-preview:large, max-video-preview:-1" />
<link rel="canonical" href="https://fanfareuid.ch/wordpress/la-commission-de-musique/" />
<meta property="og:locale" content="fr_FR" />
<meta property="og:type" content="article" />
<meta property="og:title" content="LA COMMISSION DE MUSIQUE - Fanfare Union Instrumentale Delémont" />
<meta property="og:url" content="https://fanfareuid.ch/wordpress/la-commission-de-musique/" />
<meta property="og:site_name" content="Fanfare Union Instrumentale Delémont" />
<meta property="article:modified_time" content="2026-01-31T13:29:01+00:00" />
<script type="application/ld+json" class="yoast-schema-graph">{"@context":"https://schema.org","@graph":[{"@type":"WebPage","@id":"https://fanfareuid.ch/wordpress/la-commission-de-musique/","url":"https://fanfareuid.ch/wordpress/la-commission-de-musique/","name":"LA COMMISSION DE MUSIQUE - Fanfare Union Instrumentale Delémont","isPartOf":{"@id":"https://fanfareuid.ch/wordpress/#website"},"datePublished":"2018-09-03T15:15:26+00:00","dateModified":"2026-01-31T13:29:01+00:00","breadcrumb":{"@id":"https://fanfareuid.ch/wordpress/la-commission-de-musique/#breadcrumb"},"inLanguage":"fr-FR","potentialAction":[{"@type":"ReadAction","target":["https://fanfareuid.ch/wordpress/la-commission-de-musique/"]}]},{"@type":"BreadcrumbList","@id":"https://fanfareuid.ch/wordpress/la-commission-de-musique/#breadcrumb","itemListElement":[{"@type":"ListItem","position":1,"name":"Accueil","item":"https://fanfareuid.ch/wordpress/"},{"@type":"ListItem","position":2,"name":"LA COMMISSION DE MUSIQUE"}]},{"@type":"WebSite","@id":"https://fanfareuid.ch/wordpress/#website","url":"https://fanfareuid.ch/wordpress/","name":"Fanfare Union Instrumentale Delémont","description":"La fanfare de Delémont !","publisher":{"@id":"https://fanfareuid.ch/wordpress/#organization"},"potentialAction":[{"@type":"SearchAction","target":{"@type":"EntryPoint","urlTemplate":"https://fanfareuid.ch/wordpress/?s={search_term_string}"},"query-input":{"@type":"PropertyValueSpecification","valueRequired":true,"valueName":"search_term_string"}}],"inLanguage":"fr-FR"},{"@type":"Organization","@id":"https://fanfareuid.ch/wordpress/#organization","name":"Union Instrumentale Delemont","url":"https://fanfareuid.ch/wordpress/","logo":{"@type":"ImageObject","inLanguage":"fr-FR","@id":"https://fanfareuid.ch/wordpress/#/schema/logo/image/","url":"https://fanfareuid.ch/wordpress/wp-content/uploads/2019/09/LogoUID.png","contentUrl":"https://fanfareuid.ch/wordpress/wp-content/uploads/2019/09/LogoUID.png","width":391,"height":206,"caption":"Union Instrumentale Delemont"},"image":{"@id":"https://fanfareuid.ch/wordpress/#/schema/logo/image/"}}]}</script>
<!-- / Yoast SEO plugin. -->

LA COMMISSION DE MUSIQUE - Fanfare Union Instrumentale Delémont

Fanfare Union Instrumentale Delémont

La fanfare de Delémont !
