{"id":63,"date":"2018-09-03T15:15:14","date_gmt":"2018-09-03T15:15:14","guid":{"rendered":"http:\/\/fanfareuid.ch\/wordpress\/?page_id=63"},"modified":"2026-01-31T14:27:10","modified_gmt":"2026-01-31T13:27:10","slug":"le-comite","status":"publish","type":"page","link":"https:\/\/fanfareuid.ch\/wordpress\/le-comite\/","title":{"rendered":"LE COMITE"},"content":{"rendered":"<section data-bb-version=\"4.5.5\" id=\"bt_bb_section6a967e2baa146\" class=\"bt_bb_section bt_bb_layout_boxed_1200\"  data-bt-override-class=\"null\"><div class=\"bt_bb_port\"><div class=\"bt_bb_cell\"><div class=\"bt_bb_cell_inner\"><div class=\"bt_bb_row \"  data-bt-override-class=\"{}\"><div class=\"bt_bb_row_holder\" ><div data-bb-version=\"4.5.5\"  class=\"bt_bb_column col-xxl-12 col-xl-12 col-xs-12 col-sm-12 col-md-12 col-lg-12 bt_bb_vertical_align_top bt_bb_align_left bt_bb_padding_normal\" style=\"; --column-width:12;\" data-width=\"12\" data-bt-override-class=\"{}\"><div class=\"bt_bb_column_content\"><div class=\"bt_bb_column_content_inner\"><div data-bb-version=\"4.5.5\"  class=\"bt_bb_text\" ><\/p>\n<h3>Le comit\u00e9<\/h3>\n<p>Telle la burette d\u2019huile qui lubrifie coulisses et pistons, le comit\u00e9 \u0153uvre \u00e0 garantir la fluidit\u00e9 du d\u00e9roulement d\u2019une ann\u00e9e UIDienne! En effet, celui-ci s\u2019occupe de la gestion de la soci\u00e9t\u00e9, c\u2019est-\u00e0-dire la gestion de ses membres, des finances, des contacts, des uniformes, des instruments, de la communication, etc. Elle travaille aussi en conjonction avec la commission de musique lors de l\u2019organisation d\u2019\u00e9v\u00e9nements.<\/p>\n<p>Le comit\u00e9 regroupe ainsi quelques membres qui se r\u00e9unissent r\u00e9guli\u00e8rement afin de trouver des solutions aux \u00e9v\u00e9nements pr\u00e9vus et impr\u00e9vus de la soci\u00e9t\u00e9 (la crise du Covid-19 restera dans les m\u00e9moires!) de mani\u00e8re \u00e0 ce que la vie de la soci\u00e9t\u00e9 se d\u00e9roule le mieux possible.<\/p>\n<ul>\n<li>Pr\u00e9sidence \u2013 Guillaume Harris<\/li>\n<li>Vice-pr\u00e9sidence \/ Instruments \u2013 S\u00e9bastien Ermanni<\/li>\n<li>Secr\u00e9tariat \/ Cadets \/ Aventuriers du Solf\u00e8ge \u2013 Florence Harris<\/li>\n<li>Finances \/ Lutins musiciens \u2013 Renaud Zbinden<\/li>\n<li>Pr\u00e9sidence de la Commission de musique \u2013 Laetitia Lehmann<\/li>\n<li>Responsable manifestations et tonnelle \u2013 Julien Brahier<\/li>\n<li>Responsable local, mat\u00e9riel et transport \u2013 Damien Luginb\u00fchl<\/li>\n<\/ul>\n<p>\n<\/div><\/div><\/div><\/div><\/div><\/div><\/div><!-- cell_inner --><\/div><!-- cell --><\/div><!-- port --><\/section>\n","protected":false},"excerpt":{"rendered":"","protected":false},"author":1,"featured_media":0,"parent":0,"menu_order":0,"comment_status":"closed","ping_status":"closed","template":"","meta":{"_acf_changed":false,"ngg_post_thumbnail":0,"footnotes":""},"class_list":["post-63","page","type-page","status-publish","hentry"],"yoast_head":"<!-- This site is optimized with the Yoast SEO plugin v27.2 - https:\/\/yoast.com\/product\/yoast-seo-wordpress\/ -->\n<title>LE COMITE - Fanfare Union Instrumentale Del\u00e9mont<\/title>\n<meta name=\"robots\" content=\"index, follow, max-snippet:-1, max-image-preview:large, max-video-preview:-1\" \/>\n<link rel=\"canonical\" href=\"https:\/\/fanfareuid.ch\/wordpress\/le-comite\/\" \/>\n<meta property=\"og:locale\" content=\"fr_FR\" \/>\n<meta property=\"og:type\" content=\"article\" \/>\n<meta property=\"og:title\" content=\"LE COMITE - Fanfare Union Instrumentale Del\u00e9mont\" \/>\n<meta property=\"og:url\" content=\"https:\/\/fanfareuid.ch\/wordpress\/le-comite\/\" \/>\n<meta property=\"og:site_name\" content=\"Fanfare Union Instrumentale Del\u00e9mont\" \/>\n<meta property=\"article:modified_time\" content=\"2026-01-31T13:27:10+00:00\" \/>\n<script type=\"application\/ld+json\" class=\"yoast-schema-graph\">{\"@context\":\"https:\/\/schema.org\",\"@graph\":[{\"@type\":\"WebPage\",\"@id\":\"https:\/\/fanfareuid.ch\/wordpress\/le-comite\/\",\"url\":\"https:\/\/fanfareuid.ch\/wordpress\/le-comite\/\",\"name\":\"LE COMITE - Fanfare Union Instrumentale Del\u00e9mont\",\"isPartOf\":{\"@id\":\"https:\/\/fanfareuid.ch\/wordpress\/#website\"},\"datePublished\":\"2018-09-03T15:15:14+00:00\",\"dateModified\":\"2026-01-31T13:27:10+00:00\",\"breadcrumb\":{\"@id\":\"https:\/\/fanfareuid.ch\/wordpress\/le-comite\/#breadcrumb\"},\"inLanguage\":\"fr-FR\",\"potentialAction\":[{\"@type\":\"ReadAction\",\"target\":[\"https:\/\/fanfareuid.ch\/wordpress\/le-comite\/\"]}]},{\"@type\":\"BreadcrumbList\",\"@id\":\"https:\/\/fanfareuid.ch\/wordpress\/le-comite\/#breadcrumb\",\"itemListElement\":[{\"@type\":\"ListItem\",\"position\":1,\"name\":\"Accueil\",\"item\":\"https:\/\/fanfareuid.ch\/wordpress\/\"},{\"@type\":\"ListItem\",\"position\":2,\"name\":\"LE COMITE\"}]},{\"@type\":\"WebSite\",\"@id\":\"https:\/\/fanfareuid.ch\/wordpress\/#website\",\"url\":\"https:\/\/fanfareuid.ch\/wordpress\/\",\"name\":\"Fanfare Union Instrumentale Del\u00e9mont\",\"description\":\"La fanfare de Del\u00e9mont !\",\"publisher\":{\"@id\":\"https:\/\/fanfareuid.ch\/wordpress\/#organization\"},\"potentialAction\":[{\"@type\":\"SearchAction\",\"target\":{\"@type\":\"EntryPoint\",\"urlTemplate\":\"https:\/\/fanfareuid.ch\/wordpress\/?s={search_term_string}\"},\"query-input\":{\"@type\":\"PropertyValueSpecification\",\"valueRequired\":true,\"valueName\":\"search_term_string\"}}],\"inLanguage\":\"fr-FR\"},{\"@type\":\"Organization\",\"@id\":\"https:\/\/fanfareuid.ch\/wordpress\/#organization\",\"name\":\"Union Instrumentale Delemont\",\"url\":\"https:\/\/fanfareuid.ch\/wordpress\/\",\"logo\":{\"@type\":\"ImageObject\",\"inLanguage\":\"fr-FR\",\"@id\":\"https:\/\/fanfareuid.ch\/wordpress\/#\/schema\/logo\/image\/\",\"url\":\"https:\/\/fanfareuid.ch\/wordpress\/wp-content\/uploads\/2019\/09\/LogoUID.png\",\"contentUrl\":\"https:\/\/fanfareuid.ch\/wordpress\/wp-content\/uploads\/2019\/09\/LogoUID.png\",\"width\":391,\"height\":206,\"caption\":\"Union Instrumentale Delemont\"},\"image\":{\"@id\":\"https:\/\/fanfareuid.ch\/wordpress\/#\/schema\/logo\/image\/\"}}]}<\/script>\n<!-- \/ Yoast SEO plugin. -->","yoast_head_json":{"title":"LE COMITE - Fanfare Union Instrumentale Del\u00e9mont","robots":{"index":"index","follow":"follow","max-snippet":"max-snippet:-1","max-image-preview":"max-image-preview:large","max-video-preview":"max-video-preview:-1"},"canonical":"https:\/\/fanfareuid.ch\/wordpress\/le-comite\/","og_locale":"fr_FR","og_type":"article","og_title":"LE COMITE - Fanfare Union Instrumentale Del\u00e9mont","og_url":"https:\/\/fanfareuid.ch\/wordpress\/le-comite\/","og_site_name":"Fanfare Union Instrumentale Del\u00e9mont","article_modified_time":"2026-01-31T13:27:10+00:00","schema":{"@context":"https:\/\/schema.org","@graph":[{"@type":"WebPage","@id":"https:\/\/fanfareuid.ch\/wordpress\/le-comite\/","url":"https:\/\/fanfareuid.ch\/wordpress\/le-comite\/","name":"LE COMITE - Fanfare Union Instrumentale Del\u00e9mont","isPartOf":{"@id":"https:\/\/fanfareuid.ch\/wordpress\/#website"},"datePublished":"2018-09-03T15:15:14+00:00","dateModified":"2026-01-31T13:27:10+00:00","breadcrumb":{"@id":"https:\/\/fanfareuid.ch\/wordpress\/le-comite\/#breadcrumb"},"inLanguage":"fr-FR","potentialAction":[{"@type":"ReadAction","target":["https:\/\/fanfareuid.ch\/wordpress\/le-comite\/"]}]},{"@type":"BreadcrumbList","@id":"https:\/\/fanfareuid.ch\/wordpress\/le-comite\/#breadcrumb","itemListElement":[{"@type":"ListItem","position":1,"name":"Accueil","item":"https:\/\/fanfareuid.ch\/wordpress\/"},{"@type":"ListItem","position":2,"name":"LE COMITE"}]},{"@type":"WebSite","@id":"https:\/\/fanfareuid.ch\/wordpress\/#website","url":"https:\/\/fanfareuid.ch\/wordpress\/","name":"Fanfare Union Instrumentale Del\u00e9mont","description":"La fanfare de Del\u00e9mont !","publisher":{"@id":"https:\/\/fanfareuid.ch\/wordpress\/#organization"},"potentialAction":[{"@type":"SearchAction","target":{"@type":"EntryPoint","urlTemplate":"https:\/\/fanfareuid.ch\/wordpress\/?s={search_term_string}"},"query-input":{"@type":"PropertyValueSpecification","valueRequired":true,"valueName":"search_term_string"}}],"inLanguage":"fr-FR"},{"@type":"Organization","@id":"https:\/\/fanfareuid.ch\/wordpress\/#organization","name":"Union Instrumentale Delemont","url":"https:\/\/fanfareuid.ch\/wordpress\/","logo":{"@type":"ImageObject","inLanguage":"fr-FR","@id":"https:\/\/fanfareuid.ch\/wordpress\/#\/schema\/logo\/image\/","url":"https:\/\/fanfareuid.ch\/wordpress\/wp-content\/uploads\/2019\/09\/LogoUID.png","contentUrl":"https:\/\/fanfareuid.ch\/wordpress\/wp-content\/uploads\/2019\/09\/LogoUID.png","width":391,"height":206,"caption":"Union Instrumentale Delemont"},"image":{"@id":"https:\/\/fanfareuid.ch\/wordpress\/#\/schema\/logo\/image\/"}}]}},"acf":[],"_links":{"self":[{"href":"https:\/\/fanfareuid.ch\/wordpress\/wp-json\/wp\/v2\/pages\/63","targetHints":{"allow":["GET"]}}],"collection":[{"href":"https:\/\/fanfareuid.ch\/wordpress\/wp-json\/wp\/v2\/pages"}],"about":[{"href":"https:\/\/fanfareuid.ch\/wordpress\/wp-json\/wp\/v2\/types\/page"}],"author":[{"embeddable":true,"href":"https:\/\/fanfareuid.ch\/wordpress\/wp-json\/wp\/v2\/users\/1"}],"replies":[{"embeddable":true,"href":"https:\/\/fanfareuid.ch\/wordpress\/wp-json\/wp\/v2\/comments?post=63"}],"version-history":[{"count":54,"href":"https:\/\/fanfareuid.ch\/wordpress\/wp-json\/wp\/v2\/pages\/63\/revisions"}],"predecessor-version":[{"id":5382,"href":"https:\/\/fanfareuid.ch\/wordpress\/wp-json\/wp\/v2\/pages\/63\/revisions\/5382"}],"wp:attachment":[{"href":"https:\/\/fanfareuid.ch\/wordpress\/wp-json\/wp\/v2\/media?parent=63"}],"curies":[{"name":"wp","href":"https:\/\/api.w.org\/{rel}","templated":true}]}}

<section data-bb-version="4.5.5" id="bt_bb_section6a967e2baa146" class="bt_bb_section bt_bb_layout_boxed_1200"  data-bt-override-class="null"><div class="bt_bb_port"><div class="bt_bb_cell"><div class="bt_bb_cell_inner"><div class="bt_bb_row "  data-bt-override-class="{}"><div class="bt_bb_row_holder" ><div data-bb-version="4.5.5"  class="bt_bb_column col-xxl-12 col-xl-12 col-xs-12 col-sm-12 col-md-12 col-lg-12 bt_bb_vertical_align_top bt_bb_align_left bt_bb_padding_normal" style="; --column-width:12;" data-width="12" data-bt-override-class="{}"><div class="bt_bb_column_content"><div class="bt_bb_column_content_inner"><div data-bb-version="4.5.5"  class="bt_bb_text" ></p>
<h3>Le comité</h3>
<p>Telle la burette d’huile qui lubrifie coulisses et pistons, le comité œuvre à garantir la fluidité du déroulement d’une année UIDienne! En effet, celui-ci s’occupe de la gestion de la société, c’est-à-dire la gestion de ses membres, des finances, des contacts, des uniformes, des instruments, de la communication, etc. Elle travaille aussi en conjonction avec la commission de musique lors de l’organisation d’événements.</p>
<p>Le comité regroupe ainsi quelques membres qui se réunissent régulièrement afin de trouver des solutions aux événements prévus et imprévus de la société (la crise du Covid-19 restera dans les mémoires!) de manière à ce que la vie de la société se déroule le mieux possible.</p>
<ul>
<li>Présidence – Guillaume Harris</li>
<li>Vice-présidence / Instruments – Sébastien Ermanni</li>
<li>Secrétariat / Cadets / Aventuriers du Solfège – Florence Harris</li>
<li>Finances / Lutins musiciens – Renaud Zbinden</li>
<li>Présidence de la Commission de musique – Laetitia Lehmann</li>
<li>Responsable manifestations et tonnelle – Julien Brahier</li>
<li>Responsable local, matériel et transport – Damien Luginbühl</li>
</ul>
<p>
</div></div></div></div></div></div></div><!-- cell_inner --></div><!-- cell --></div><!-- port --></section>

<!-- This site is optimized with the Yoast SEO plugin v27.2 - https://yoast.com/product/yoast-seo-wordpress/ -->
<title>LE COMITE - Fanfare Union Instrumentale Delémont</title>
<meta name="robots" content="index, follow, max-snippet:-1, max-image-preview:large, max-video-preview:-1" />
<link rel="canonical" href="https://fanfareuid.ch/wordpress/le-comite/" />
<meta property="og:locale" content="fr_FR" />
<meta property="og:type" content="article" />
<meta property="og:title" content="LE COMITE - Fanfare Union Instrumentale Delémont" />
<meta property="og:url" content="https://fanfareuid.ch/wordpress/le-comite/" />
<meta property="og:site_name" content="Fanfare Union Instrumentale Delémont" />
<meta property="article:modified_time" content="2026-01-31T13:27:10+00:00" />
<script type="application/ld+json" class="yoast-schema-graph">{"@context":"https://schema.org","@graph":[{"@type":"WebPage","@id":"https://fanfareuid.ch/wordpress/le-comite/","url":"https://fanfareuid.ch/wordpress/le-comite/","name":"LE COMITE - Fanfare Union Instrumentale Delémont","isPartOf":{"@id":"https://fanfareuid.ch/wordpress/#website"},"datePublished":"2018-09-03T15:15:14+00:00","dateModified":"2026-01-31T13:27:10+00:00","breadcrumb":{"@id":"https://fanfareuid.ch/wordpress/le-comite/#breadcrumb"},"inLanguage":"fr-FR","potentialAction":[{"@type":"ReadAction","target":["https://fanfareuid.ch/wordpress/le-comite/"]}]},{"@type":"BreadcrumbList","@id":"https://fanfareuid.ch/wordpress/le-comite/#breadcrumb","itemListElement":[{"@type":"ListItem","position":1,"name":"Accueil","item":"https://fanfareuid.ch/wordpress/"},{"@type":"ListItem","position":2,"name":"LE COMITE"}]},{"@type":"WebSite","@id":"https://fanfareuid.ch/wordpress/#website","url":"https://fanfareuid.ch/wordpress/","name":"Fanfare Union Instrumentale Delémont","description":"La fanfare de Delémont !","publisher":{"@id":"https://fanfareuid.ch/wordpress/#organization"},"potentialAction":[{"@type":"SearchAction","target":{"@type":"EntryPoint","urlTemplate":"https://fanfareuid.ch/wordpress/?s={search_term_string}"},"query-input":{"@type":"PropertyValueSpecification","valueRequired":true,"valueName":"search_term_string"}}],"inLanguage":"fr-FR"},{"@type":"Organization","@id":"https://fanfareuid.ch/wordpress/#organization","name":"Union Instrumentale Delemont","url":"https://fanfareuid.ch/wordpress/","logo":{"@type":"ImageObject","inLanguage":"fr-FR","@id":"https://fanfareuid.ch/wordpress/#/schema/logo/image/","url":"https://fanfareuid.ch/wordpress/wp-content/uploads/2019/09/LogoUID.png","contentUrl":"https://fanfareuid.ch/wordpress/wp-content/uploads/2019/09/LogoUID.png","width":391,"height":206,"caption":"Union Instrumentale Delemont"},"image":{"@id":"https://fanfareuid.ch/wordpress/#/schema/logo/image/"}}]}</script>
<!-- / Yoast SEO plugin. -->

LE COMITE - Fanfare Union Instrumentale Delémont

Fanfare Union Instrumentale Delémont

La fanfare de Delémont !
