{"id":56,"date":"2018-09-03T15:10:33","date_gmt":"2018-09-03T15:10:33","guid":{"rendered":"http:\/\/fanfareuid.ch\/wordpress\/?page_id=56"},"modified":"2026-05-28T18:23:12","modified_gmt":"2026-05-28T16:23:12","slug":"la-direction","status":"publish","type":"page","link":"https:\/\/fanfareuid.ch\/wordpress\/la-direction\/","title":{"rendered":"LA DIRECTION"},"content":{"rendered":"<section data-bb-version=\"5.2.3\" id=\"bt_bb_section6a967e70c192a\" class=\"bt_bb_section bt_bb_layout_boxed_1200\"  data-bt-override-class=\"null\"><div class=\"bt_bb_port\"><div class=\"bt_bb_cell\"><div class=\"bt_bb_cell_inner\"><div class=\"bt_bb_row \"  data-bt-override-class=\"{}\"><div class=\"bt_bb_row_holder\" ><div data-bb-version=\"5.2.3\"  class=\"bt_bb_column col-xxl-6 col-xl-6 col-xs-12 col-sm-6 col-md-6 col-lg-6 bt_bb_vertical_align_top bt_bb_align_left bt_bb_padding_normal\" style=\"; --column-width:6;\" data-width=\"6\" data-bt-override-class=\"{}\"><div class=\"bt_bb_column_content\"><div class=\"bt_bb_column_content_inner\"><div data-bb-version=\"5.2.3\"  class=\"bt_bb_text\" ><\/p>\n<h3>La direction<\/h3>\n<p>Depuis ao\u00fbt 2025, c&rsquo;est <span style=\"color: #ffcc00;\">Biagio Musumeci<\/span> qui dirige l&rsquo;ensemble. Il est originaire d&rsquo;une petite ville pr\u00e8s de Catane, en Sicile. Pendant ses \u00e9tudes secondaires, il a suivi des cours de musique au conservatoire. Il a ensuite suivi \u00e0 Paris un cycle de formation sp\u00e9cialis\u00e9 au trombone. Son parcours l&rsquo;a conduit en Suisse, o\u00f9 il a obtenu son bachelor en trombone \u00e0 la Haute \u00e9cole de Lausanne fin 2016. Parall\u00e8lement \u00e0 son activit\u00e9 de professeur de musique pour divers instruments \u00e0 vent, il a commenc\u00e9 \u00e0 s&rsquo;int\u00e9resser \u00e0 la direction d&rsquo;orchestre. Il s&rsquo;est ensuite install\u00e9 dans le Jura, o\u00f9 il a fond\u00e9 une famille. D\u00e8s 2021, il suit une formation continue de trois ans en direction d&rsquo;orchestre \u00e0 la Haute \u00e9cole de Lucerne. Actuellement, il continue sa formation avec le chef d&rsquo;orchestre Jean-Claude Kolly.<\/p>\n<p>La personne \u00e0 la t\u00eate de l&rsquo;Instrum pourra compter sur un effectif d\u2019une quarantaine de musiciens compos\u00e9 de fl\u00fbtes traversi\u00e8res, clarinettes, saxophones, clarinette basse, hautbois, basson, trompettes, altos, trombones, euphoniums, basse sib, basse mib, batterie, percussion.<\/p>\n<p>\n<\/div><div data-bb-version=\"5.2.3\" class=\"bt_bb_image bt_bb_shape_square bt_bb_align_inherit bt_bb_hover_style_simple bt_bb_content_display_always bt_bb_content_align_middle bt_bb_remove_padding_yes bt_bb_fill_background_color_full\" data-bt-override-class=\"{&quot;bt_bb_align_&quot;:{&quot;current_class&quot;:&quot;bt_bb_align_inherit&quot;,&quot;def&quot;:&quot;inherit&quot;}}\"><span><img src = \"https:\/\/fanfareuid.ch\/wordpress\/wp-content\/plugins\/bold-page-builder\/img\/blank.gif\" data-full_image_src=\"https:\/\/fanfareuid.ch\/wordpress\/wp-content\/uploads\/2025\/02\/continuous-line-drawing-orchestra-conductorsingle-600nw-2470198351.webp\" data-image_src=\"https:\/\/fanfareuid.ch\/wordpress\/wp-content\/uploads\/2025\/02\/continuous-line-drawing-orchestra-conductorsingle-600nw-2470198351.webp\" title=\"continuous-line-drawing-orchestra-conductorsingle-600nw-2470198351\" alt=\"https:\/\/fanfareuid.ch\/wordpress\/wp-content\/uploads\/2025\/02\/continuous-line-drawing-orchestra-conductorsingle-600nw-2470198351.webp\" class=\"btLazyLoadImage\"><\/span><\/div><\/div><\/div><\/div><div data-bb-version=\"5.2.3\"  class=\"bt_bb_column col-xxl-6 col-xl-6 col-xs-12 col-sm-6 col-md-6 col-lg-6 bt_bb_vertical_align_top bt_bb_align_left bt_bb_padding_normal\" style=\"; --column-width:6;\" data-width=\"6\" data-bt-override-class=\"{}\"><div class=\"bt_bb_column_content\"><div class=\"bt_bb_column_content_inner\"><div data-bb-version=\"5.3.0\" class=\"bt_bb_image bt_bb_shape_square bt_bb_align_inherit bt_bb_hover_style_simple bt_bb_content_display_always bt_bb_content_align_middle bt_bb_remove_padding_yes bt_bb_fill_background_color_full\" data-bt-override-class=\"{&quot;bt_bb_align_&quot;:{&quot;current_class&quot;:&quot;bt_bb_align_inherit&quot;,&quot;def&quot;:&quot;inherit&quot;}}\"><span><img src = \"https:\/\/fanfareuid.ch\/wordpress\/wp-content\/plugins\/bold-page-builder\/img\/blank.gif\" data-full_image_src=\"https:\/\/fanfareuid.ch\/wordpress\/wp-content\/uploads\/2025\/09\/WhatsApp-Image-2025-08-15-a-23.26.19_cfafaa38.jpg\" data-image_src=\"https:\/\/fanfareuid.ch\/wordpress\/wp-content\/uploads\/2025\/09\/WhatsApp-Image-2025-08-15-a-23.26.19_cfafaa38.jpg\" title=\"WhatsApp Image 2025-08-15 \u00e0 23.26.19_cfafaa38\" alt=\"https:\/\/fanfareuid.ch\/wordpress\/wp-content\/uploads\/2025\/09\/WhatsApp-Image-2025-08-15-a-23.26.19_cfafaa38.jpg\" class=\"btLazyLoadImage\"><\/span><\/div><\/div><\/div><\/div><\/div><\/div><\/div><!-- cell_inner --><\/div><!-- cell --><\/div><!-- port --><\/section>\n","protected":false},"excerpt":{"rendered":"","protected":false},"author":1,"featured_media":0,"parent":0,"menu_order":0,"comment_status":"closed","ping_status":"closed","template":"","meta":{"_acf_changed":false,"ngg_post_thumbnail":0,"footnotes":""},"class_list":["post-56","page","type-page","status-publish","hentry"],"yoast_head":"<!-- This site is optimized with the Yoast SEO plugin v27.2 - https:\/\/yoast.com\/product\/yoast-seo-wordpress\/ -->\n<title>LA DIRECTION - Fanfare Union Instrumentale Del\u00e9mont<\/title>\n<meta name=\"robots\" content=\"index, follow, max-snippet:-1, max-image-preview:large, max-video-preview:-1\" \/>\n<link rel=\"canonical\" href=\"https:\/\/fanfareuid.ch\/wordpress\/la-direction\/\" \/>\n<meta property=\"og:locale\" content=\"fr_FR\" \/>\n<meta property=\"og:type\" content=\"article\" \/>\n<meta property=\"og:title\" content=\"LA DIRECTION - Fanfare Union Instrumentale Del\u00e9mont\" \/>\n<meta property=\"og:url\" content=\"https:\/\/fanfareuid.ch\/wordpress\/la-direction\/\" \/>\n<meta property=\"og:site_name\" content=\"Fanfare Union Instrumentale Del\u00e9mont\" \/>\n<meta property=\"article:modified_time\" content=\"2026-05-28T16:23:12+00:00\" \/>\n<script type=\"application\/ld+json\" class=\"yoast-schema-graph\">{\"@context\":\"https:\/\/schema.org\",\"@graph\":[{\"@type\":\"WebPage\",\"@id\":\"https:\/\/fanfareuid.ch\/wordpress\/la-direction\/\",\"url\":\"https:\/\/fanfareuid.ch\/wordpress\/la-direction\/\",\"name\":\"LA DIRECTION - Fanfare Union Instrumentale Del\u00e9mont\",\"isPartOf\":{\"@id\":\"https:\/\/fanfareuid.ch\/wordpress\/#website\"},\"datePublished\":\"2018-09-03T15:10:33+00:00\",\"dateModified\":\"2026-05-28T16:23:12+00:00\",\"breadcrumb\":{\"@id\":\"https:\/\/fanfareuid.ch\/wordpress\/la-direction\/#breadcrumb\"},\"inLanguage\":\"fr-FR\",\"potentialAction\":[{\"@type\":\"ReadAction\",\"target\":[\"https:\/\/fanfareuid.ch\/wordpress\/la-direction\/\"]}]},{\"@type\":\"BreadcrumbList\",\"@id\":\"https:\/\/fanfareuid.ch\/wordpress\/la-direction\/#breadcrumb\",\"itemListElement\":[{\"@type\":\"ListItem\",\"position\":1,\"name\":\"Accueil\",\"item\":\"https:\/\/fanfareuid.ch\/wordpress\/\"},{\"@type\":\"ListItem\",\"position\":2,\"name\":\"LA DIRECTION\"}]},{\"@type\":\"WebSite\",\"@id\":\"https:\/\/fanfareuid.ch\/wordpress\/#website\",\"url\":\"https:\/\/fanfareuid.ch\/wordpress\/\",\"name\":\"Fanfare Union Instrumentale Del\u00e9mont\",\"description\":\"La fanfare de Del\u00e9mont !\",\"publisher\":{\"@id\":\"https:\/\/fanfareuid.ch\/wordpress\/#organization\"},\"potentialAction\":[{\"@type\":\"SearchAction\",\"target\":{\"@type\":\"EntryPoint\",\"urlTemplate\":\"https:\/\/fanfareuid.ch\/wordpress\/?s={search_term_string}\"},\"query-input\":{\"@type\":\"PropertyValueSpecification\",\"valueRequired\":true,\"valueName\":\"search_term_string\"}}],\"inLanguage\":\"fr-FR\"},{\"@type\":\"Organization\",\"@id\":\"https:\/\/fanfareuid.ch\/wordpress\/#organization\",\"name\":\"Union Instrumentale Delemont\",\"url\":\"https:\/\/fanfareuid.ch\/wordpress\/\",\"logo\":{\"@type\":\"ImageObject\",\"inLanguage\":\"fr-FR\",\"@id\":\"https:\/\/fanfareuid.ch\/wordpress\/#\/schema\/logo\/image\/\",\"url\":\"https:\/\/fanfareuid.ch\/wordpress\/wp-content\/uploads\/2019\/09\/LogoUID.png\",\"contentUrl\":\"https:\/\/fanfareuid.ch\/wordpress\/wp-content\/uploads\/2019\/09\/LogoUID.png\",\"width\":391,\"height\":206,\"caption\":\"Union Instrumentale Delemont\"},\"image\":{\"@id\":\"https:\/\/fanfareuid.ch\/wordpress\/#\/schema\/logo\/image\/\"}}]}<\/script>\n<!-- \/ Yoast SEO plugin. -->","yoast_head_json":{"title":"LA DIRECTION - Fanfare Union Instrumentale Del\u00e9mont","robots":{"index":"index","follow":"follow","max-snippet":"max-snippet:-1","max-image-preview":"max-image-preview:large","max-video-preview":"max-video-preview:-1"},"canonical":"https:\/\/fanfareuid.ch\/wordpress\/la-direction\/","og_locale":"fr_FR","og_type":"article","og_title":"LA DIRECTION - Fanfare Union Instrumentale Del\u00e9mont","og_url":"https:\/\/fanfareuid.ch\/wordpress\/la-direction\/","og_site_name":"Fanfare Union Instrumentale Del\u00e9mont","article_modified_time":"2026-05-28T16:23:12+00:00","schema":{"@context":"https:\/\/schema.org","@graph":[{"@type":"WebPage","@id":"https:\/\/fanfareuid.ch\/wordpress\/la-direction\/","url":"https:\/\/fanfareuid.ch\/wordpress\/la-direction\/","name":"LA DIRECTION - Fanfare Union Instrumentale Del\u00e9mont","isPartOf":{"@id":"https:\/\/fanfareuid.ch\/wordpress\/#website"},"datePublished":"2018-09-03T15:10:33+00:00","dateModified":"2026-05-28T16:23:12+00:00","breadcrumb":{"@id":"https:\/\/fanfareuid.ch\/wordpress\/la-direction\/#breadcrumb"},"inLanguage":"fr-FR","potentialAction":[{"@type":"ReadAction","target":["https:\/\/fanfareuid.ch\/wordpress\/la-direction\/"]}]},{"@type":"BreadcrumbList","@id":"https:\/\/fanfareuid.ch\/wordpress\/la-direction\/#breadcrumb","itemListElement":[{"@type":"ListItem","position":1,"name":"Accueil","item":"https:\/\/fanfareuid.ch\/wordpress\/"},{"@type":"ListItem","position":2,"name":"LA DIRECTION"}]},{"@type":"WebSite","@id":"https:\/\/fanfareuid.ch\/wordpress\/#website","url":"https:\/\/fanfareuid.ch\/wordpress\/","name":"Fanfare Union Instrumentale Del\u00e9mont","description":"La fanfare de Del\u00e9mont !","publisher":{"@id":"https:\/\/fanfareuid.ch\/wordpress\/#organization"},"potentialAction":[{"@type":"SearchAction","target":{"@type":"EntryPoint","urlTemplate":"https:\/\/fanfareuid.ch\/wordpress\/?s={search_term_string}"},"query-input":{"@type":"PropertyValueSpecification","valueRequired":true,"valueName":"search_term_string"}}],"inLanguage":"fr-FR"},{"@type":"Organization","@id":"https:\/\/fanfareuid.ch\/wordpress\/#organization","name":"Union Instrumentale Delemont","url":"https:\/\/fanfareuid.ch\/wordpress\/","logo":{"@type":"ImageObject","inLanguage":"fr-FR","@id":"https:\/\/fanfareuid.ch\/wordpress\/#\/schema\/logo\/image\/","url":"https:\/\/fanfareuid.ch\/wordpress\/wp-content\/uploads\/2019\/09\/LogoUID.png","contentUrl":"https:\/\/fanfareuid.ch\/wordpress\/wp-content\/uploads\/2019\/09\/LogoUID.png","width":391,"height":206,"caption":"Union Instrumentale Delemont"},"image":{"@id":"https:\/\/fanfareuid.ch\/wordpress\/#\/schema\/logo\/image\/"}}]}},"acf":[],"_links":{"self":[{"href":"https:\/\/fanfareuid.ch\/wordpress\/wp-json\/wp\/v2\/pages\/56","targetHints":{"allow":["GET"]}}],"collection":[{"href":"https:\/\/fanfareuid.ch\/wordpress\/wp-json\/wp\/v2\/pages"}],"about":[{"href":"https:\/\/fanfareuid.ch\/wordpress\/wp-json\/wp\/v2\/types\/page"}],"author":[{"embeddable":true,"href":"https:\/\/fanfareuid.ch\/wordpress\/wp-json\/wp\/v2\/users\/1"}],"replies":[{"embeddable":true,"href":"https:\/\/fanfareuid.ch\/wordpress\/wp-json\/wp\/v2\/comments?post=56"}],"version-history":[{"count":49,"href":"https:\/\/fanfareuid.ch\/wordpress\/wp-json\/wp\/v2\/pages\/56\/revisions"}],"predecessor-version":[{"id":5437,"href":"https:\/\/fanfareuid.ch\/wordpress\/wp-json\/wp\/v2\/pages\/56\/revisions\/5437"}],"wp:attachment":[{"href":"https:\/\/fanfareuid.ch\/wordpress\/wp-json\/wp\/v2\/media?parent=56"}],"curies":[{"name":"wp","href":"https:\/\/api.w.org\/{rel}","templated":true}]}}

<section data-bb-version="5.2.3" id="bt_bb_section6a967e70c192a" class="bt_bb_section bt_bb_layout_boxed_1200"  data-bt-override-class="null"><div class="bt_bb_port"><div class="bt_bb_cell"><div class="bt_bb_cell_inner"><div class="bt_bb_row "  data-bt-override-class="{}"><div class="bt_bb_row_holder" ><div data-bb-version="5.2.3"  class="bt_bb_column col-xxl-6 col-xl-6 col-xs-12 col-sm-6 col-md-6 col-lg-6 bt_bb_vertical_align_top bt_bb_align_left bt_bb_padding_normal" style="; --column-width:6;" data-width="6" data-bt-override-class="{}"><div class="bt_bb_column_content"><div class="bt_bb_column_content_inner"><div data-bb-version="5.2.3"  class="bt_bb_text" ></p>
<h3>La direction</h3>
<p>Depuis août 2025, c&rsquo;est <span style="color: #ffcc00;">Biagio Musumeci</span> qui dirige l&rsquo;ensemble. Il est originaire d&rsquo;une petite ville près de Catane, en Sicile. Pendant ses études secondaires, il a suivi des cours de musique au conservatoire. Il a ensuite suivi à Paris un cycle de formation spécialisé au trombone. Son parcours l&rsquo;a conduit en Suisse, où il a obtenu son bachelor en trombone à la Haute école de Lausanne fin 2016. Parallèlement à son activité de professeur de musique pour divers instruments à vent, il a commencé à s&rsquo;intéresser à la direction d&rsquo;orchestre. Il s&rsquo;est ensuite installé dans le Jura, où il a fondé une famille. Dès 2021, il suit une formation continue de trois ans en direction d&rsquo;orchestre à la Haute école de Lucerne. Actuellement, il continue sa formation avec le chef d&rsquo;orchestre Jean-Claude Kolly.</p>
<p>La personne à la tête de l&rsquo;Instrum pourra compter sur un effectif d’une quarantaine de musiciens composé de flûtes traversières, clarinettes, saxophones, clarinette basse, hautbois, basson, trompettes, altos, trombones, euphoniums, basse sib, basse mib, batterie, percussion.</p>
<p>
</div><div data-bb-version="5.2.3" class="bt_bb_image bt_bb_shape_square bt_bb_align_inherit bt_bb_hover_style_simple bt_bb_content_display_always bt_bb_content_align_middle bt_bb_remove_padding_yes bt_bb_fill_background_color_full" data-bt-override-class="{&quot;bt_bb_align_&quot;:{&quot;current_class&quot;:&quot;bt_bb_align_inherit&quot;,&quot;def&quot;:&quot;inherit&quot;}}"><span><img src = "https://fanfareuid.ch/wordpress/wp-content/plugins/bold-page-builder/img/blank.gif" data-full_image_src="https://fanfareuid.ch/wordpress/wp-content/uploads/2025/02/continuous-line-drawing-orchestra-conductorsingle-600nw-2470198351.webp" data-image_src="https://fanfareuid.ch/wordpress/wp-content/uploads/2025/02/continuous-line-drawing-orchestra-conductorsingle-600nw-2470198351.webp" title="continuous-line-drawing-orchestra-conductorsingle-600nw-2470198351" alt="https://fanfareuid.ch/wordpress/wp-content/uploads/2025/02/continuous-line-drawing-orchestra-conductorsingle-600nw-2470198351.webp" class="btLazyLoadImage"></span></div></div></div></div><div data-bb-version="5.2.3"  class="bt_bb_column col-xxl-6 col-xl-6 col-xs-12 col-sm-6 col-md-6 col-lg-6 bt_bb_vertical_align_top bt_bb_align_left bt_bb_padding_normal" style="; --column-width:6;" data-width="6" data-bt-override-class="{}"><div class="bt_bb_column_content"><div class="bt_bb_column_content_inner"><div data-bb-version="5.3.0" class="bt_bb_image bt_bb_shape_square bt_bb_align_inherit bt_bb_hover_style_simple bt_bb_content_display_always bt_bb_content_align_middle bt_bb_remove_padding_yes bt_bb_fill_background_color_full" data-bt-override-class="{&quot;bt_bb_align_&quot;:{&quot;current_class&quot;:&quot;bt_bb_align_inherit&quot;,&quot;def&quot;:&quot;inherit&quot;}}"><span><img src = "https://fanfareuid.ch/wordpress/wp-content/plugins/bold-page-builder/img/blank.gif" data-full_image_src="https://fanfareuid.ch/wordpress/wp-content/uploads/2025/09/WhatsApp-Image-2025-08-15-a-23.26.19_cfafaa38.jpg" data-image_src="https://fanfareuid.ch/wordpress/wp-content/uploads/2025/09/WhatsApp-Image-2025-08-15-a-23.26.19_cfafaa38.jpg" title="WhatsApp Image 2025-08-15 à 23.26.19_cfafaa38" alt="https://fanfareuid.ch/wordpress/wp-content/uploads/2025/09/WhatsApp-Image-2025-08-15-a-23.26.19_cfafaa38.jpg" class="btLazyLoadImage"></span></div></div></div></div></div></div></div><!-- cell_inner --></div><!-- cell --></div><!-- port --></section>

<!-- This site is optimized with the Yoast SEO plugin v27.2 - https://yoast.com/product/yoast-seo-wordpress/ -->
<title>LA DIRECTION - Fanfare Union Instrumentale Delémont</title>
<meta name="robots" content="index, follow, max-snippet:-1, max-image-preview:large, max-video-preview:-1" />
<link rel="canonical" href="https://fanfareuid.ch/wordpress/la-direction/" />
<meta property="og:locale" content="fr_FR" />
<meta property="og:type" content="article" />
<meta property="og:title" content="LA DIRECTION - Fanfare Union Instrumentale Delémont" />
<meta property="og:url" content="https://fanfareuid.ch/wordpress/la-direction/" />
<meta property="og:site_name" content="Fanfare Union Instrumentale Delémont" />
<meta property="article:modified_time" content="2026-05-28T16:23:12+00:00" />
<script type="application/ld+json" class="yoast-schema-graph">{"@context":"https://schema.org","@graph":[{"@type":"WebPage","@id":"https://fanfareuid.ch/wordpress/la-direction/","url":"https://fanfareuid.ch/wordpress/la-direction/","name":"LA DIRECTION - Fanfare Union Instrumentale Delémont","isPartOf":{"@id":"https://fanfareuid.ch/wordpress/#website"},"datePublished":"2018-09-03T15:10:33+00:00","dateModified":"2026-05-28T16:23:12+00:00","breadcrumb":{"@id":"https://fanfareuid.ch/wordpress/la-direction/#breadcrumb"},"inLanguage":"fr-FR","potentialAction":[{"@type":"ReadAction","target":["https://fanfareuid.ch/wordpress/la-direction/"]}]},{"@type":"BreadcrumbList","@id":"https://fanfareuid.ch/wordpress/la-direction/#breadcrumb","itemListElement":[{"@type":"ListItem","position":1,"name":"Accueil","item":"https://fanfareuid.ch/wordpress/"},{"@type":"ListItem","position":2,"name":"LA DIRECTION"}]},{"@type":"WebSite","@id":"https://fanfareuid.ch/wordpress/#website","url":"https://fanfareuid.ch/wordpress/","name":"Fanfare Union Instrumentale Delémont","description":"La fanfare de Delémont !","publisher":{"@id":"https://fanfareuid.ch/wordpress/#organization"},"potentialAction":[{"@type":"SearchAction","target":{"@type":"EntryPoint","urlTemplate":"https://fanfareuid.ch/wordpress/?s={search_term_string}"},"query-input":{"@type":"PropertyValueSpecification","valueRequired":true,"valueName":"search_term_string"}}],"inLanguage":"fr-FR"},{"@type":"Organization","@id":"https://fanfareuid.ch/wordpress/#organization","name":"Union Instrumentale Delemont","url":"https://fanfareuid.ch/wordpress/","logo":{"@type":"ImageObject","inLanguage":"fr-FR","@id":"https://fanfareuid.ch/wordpress/#/schema/logo/image/","url":"https://fanfareuid.ch/wordpress/wp-content/uploads/2019/09/LogoUID.png","contentUrl":"https://fanfareuid.ch/wordpress/wp-content/uploads/2019/09/LogoUID.png","width":391,"height":206,"caption":"Union Instrumentale Delemont"},"image":{"@id":"https://fanfareuid.ch/wordpress/#/schema/logo/image/"}}]}</script>
<!-- / Yoast SEO plugin. -->

LA DIRECTION - Fanfare Union Instrumentale Delémont

Fanfare Union Instrumentale Delémont

La fanfare de Delémont !
