{"id":2,"date":"2018-09-03T13:16:50","date_gmt":"2018-09-03T13:16:50","guid":{"rendered":"http:\/\/fanfareuid.ch\/wordpress\/?page_id=2"},"modified":"2025-02-05T21:14:51","modified_gmt":"2025-02-05T20:14:51","slug":"sample-page","status":"publish","type":"page","link":"https:\/\/fanfareuid.ch\/wordpress\/sample-page\/","title":{"rendered":"L&rsquo;HARMONIE"},"content":{"rendered":"<section data-bb-version=\"4.5.5\" id=\"bt_bb_section6a967e2ba8f46\" class=\"bt_bb_section bt_bb_layout_boxed_1200\"  data-bt-override-class=\"null\"><div class=\"bt_bb_port\"><div class=\"bt_bb_cell\"><div class=\"bt_bb_cell_inner\"><div class=\"bt_bb_row \"  data-bt-override-class=\"{}\"><div class=\"bt_bb_row_holder\" ><div data-bb-version=\"4.5.5\"  class=\"bt_bb_column col-xxl-12 col-xl-12 col-xs-12 col-sm-12 col-md-12 col-lg-12 bt_bb_vertical_align_top bt_bb_align_left bt_bb_padding_normal\" style=\"; --column-width:12;\" data-width=\"12\" data-bt-override-class=\"{}\"><div class=\"bt_bb_column_content\"><div class=\"bt_bb_column_content_inner\"><div data-bb-version=\"4.5.5\"  class=\"bt_bb_text\" ><\/p>\n<h3>Historique<\/h3>\n<p><span style=\"font-size: 16px\">L\u2019Union Instrumentale Del\u00e9mont (UID) est n\u00e9e un jeudi 6 janvier 1878 lors de la F\u00eate des Rois sous la forme d\u2019un ch\u0153ur. Deux mois plus tard, c\u2019est une musique-fanfare qui voit le jour,<\/span><span style=\"font-size: 16px\">\u00a0<\/span><em style=\"font-size: 16px\">La jeune jurassienne<\/em><span style=\"font-size: 16px\">. Aujourd\u2019hui, cette formation se d\u00e9crit comme une harmonie (orchestre m\u00e9langeant bois, cuivres et percussion). Vous pouvez d\u00e9couvrir son \u00e9volution \u00e0 travers le temps sur<\/span><span style=\"color: #f0be19\"><strong>\u00a0<a style=\"color: #f0be19\" href=\"https:\/\/fanfareuid.ch\/wordpress\/wp-content\/uploads\/2023\/04\/historique.ppt\">Powerpoint<\/a><\/strong><\/span><span style=\"font-size: 16px\">\u00a0<\/span><span style=\"font-size: 16px\">ou<\/span><span style=\"font-size: 16px\">\u00a0<\/span><strong style=\"font-size: 16px\"><span style=\"color: #f0be19\"><a style=\"color: #f0be19\" href=\"https:\/\/fanfareuid.ch\/wordpress\/wp-content\/uploads\/2023\/04\/historique.pdf\">PDF<\/a><\/span><\/strong><span style=\"font-size: 16px\">.<\/span><\/p>\n<h3>Et aujourd\u2019hui ?<\/h3>\n<p>Au fil des \u00e9poques, les chefs successifs de l\u2019Instrum ont eu \u00e0 c\u0153ur de d\u00e9velopper un r\u00e9pertoire riche et contrast\u00e9. Class\u00e9e 2e division formation harmonie, elle continue de jeter des ponts entre les g\u00e9n\u00e9rations avec sa quarantaine de membres de tout \u00e2ge. Son objectif est de pratiquer la musique dans la bonne humeur, afin que tous les soci\u00e9taires prennent plaisir \u00e0 participer aux r\u00e9p\u00e9titions et autres manifestations.<\/p>\n<p>La soci\u00e9t\u00e9 met \u00e9galement un point d\u2019honneur \u00e0 cr\u00e9er de nouvelles g\u00e9n\u00e9rations de musiciens gr\u00e2ce \u00e0 son \u00e9cole de musique pour les enfant d\u00e8s 3 ans.<\/p>\n<p>\n<\/div><\/div><\/div><\/div><\/div><\/div><\/div><!-- cell_inner --><\/div><!-- cell --><\/div><!-- port --><\/section>\n","protected":false},"excerpt":{"rendered":"","protected":false},"author":1,"featured_media":0,"parent":0,"menu_order":0,"comment_status":"closed","ping_status":"closed","template":"","meta":{"_acf_changed":false,"ngg_post_thumbnail":0,"footnotes":""},"class_list":["post-2","page","type-page","status-publish","hentry"],"yoast_head":"<!-- This site is optimized with the Yoast SEO plugin v27.2 - https:\/\/yoast.com\/product\/yoast-seo-wordpress\/ -->\n<title>L&#039;HARMONIE - Fanfare Union Instrumentale Del\u00e9mont<\/title>\n<meta name=\"robots\" content=\"index, follow, max-snippet:-1, max-image-preview:large, max-video-preview:-1\" \/>\n<link rel=\"canonical\" href=\"https:\/\/fanfareuid.ch\/wordpress\/sample-page\/\" \/>\n<meta property=\"og:locale\" content=\"fr_FR\" \/>\n<meta property=\"og:type\" content=\"article\" \/>\n<meta property=\"og:title\" content=\"L&#039;HARMONIE - Fanfare Union Instrumentale Del\u00e9mont\" \/>\n<meta property=\"og:url\" content=\"https:\/\/fanfareuid.ch\/wordpress\/sample-page\/\" \/>\n<meta property=\"og:site_name\" content=\"Fanfare Union Instrumentale Del\u00e9mont\" \/>\n<meta property=\"article:modified_time\" content=\"2025-02-05T20:14:51+00:00\" \/>\n<script type=\"application\/ld+json\" class=\"yoast-schema-graph\">{\"@context\":\"https:\/\/schema.org\",\"@graph\":[{\"@type\":\"WebPage\",\"@id\":\"https:\/\/fanfareuid.ch\/wordpress\/sample-page\/\",\"url\":\"https:\/\/fanfareuid.ch\/wordpress\/sample-page\/\",\"name\":\"L'HARMONIE - Fanfare Union Instrumentale Del\u00e9mont\",\"isPartOf\":{\"@id\":\"https:\/\/fanfareuid.ch\/wordpress\/#website\"},\"datePublished\":\"2018-09-03T13:16:50+00:00\",\"dateModified\":\"2025-02-05T20:14:51+00:00\",\"breadcrumb\":{\"@id\":\"https:\/\/fanfareuid.ch\/wordpress\/sample-page\/#breadcrumb\"},\"inLanguage\":\"fr-FR\",\"potentialAction\":[{\"@type\":\"ReadAction\",\"target\":[\"https:\/\/fanfareuid.ch\/wordpress\/sample-page\/\"]}]},{\"@type\":\"BreadcrumbList\",\"@id\":\"https:\/\/fanfareuid.ch\/wordpress\/sample-page\/#breadcrumb\",\"itemListElement\":[{\"@type\":\"ListItem\",\"position\":1,\"name\":\"Accueil\",\"item\":\"https:\/\/fanfareuid.ch\/wordpress\/\"},{\"@type\":\"ListItem\",\"position\":2,\"name\":\"L&rsquo;HARMONIE\"}]},{\"@type\":\"WebSite\",\"@id\":\"https:\/\/fanfareuid.ch\/wordpress\/#website\",\"url\":\"https:\/\/fanfareuid.ch\/wordpress\/\",\"name\":\"Fanfare Union Instrumentale Del\u00e9mont\",\"description\":\"La fanfare de Del\u00e9mont !\",\"publisher\":{\"@id\":\"https:\/\/fanfareuid.ch\/wordpress\/#organization\"},\"potentialAction\":[{\"@type\":\"SearchAction\",\"target\":{\"@type\":\"EntryPoint\",\"urlTemplate\":\"https:\/\/fanfareuid.ch\/wordpress\/?s={search_term_string}\"},\"query-input\":{\"@type\":\"PropertyValueSpecification\",\"valueRequired\":true,\"valueName\":\"search_term_string\"}}],\"inLanguage\":\"fr-FR\"},{\"@type\":\"Organization\",\"@id\":\"https:\/\/fanfareuid.ch\/wordpress\/#organization\",\"name\":\"Union Instrumentale Delemont\",\"url\":\"https:\/\/fanfareuid.ch\/wordpress\/\",\"logo\":{\"@type\":\"ImageObject\",\"inLanguage\":\"fr-FR\",\"@id\":\"https:\/\/fanfareuid.ch\/wordpress\/#\/schema\/logo\/image\/\",\"url\":\"https:\/\/fanfareuid.ch\/wordpress\/wp-content\/uploads\/2019\/09\/LogoUID.png\",\"contentUrl\":\"https:\/\/fanfareuid.ch\/wordpress\/wp-content\/uploads\/2019\/09\/LogoUID.png\",\"width\":391,\"height\":206,\"caption\":\"Union Instrumentale Delemont\"},\"image\":{\"@id\":\"https:\/\/fanfareuid.ch\/wordpress\/#\/schema\/logo\/image\/\"}}]}<\/script>\n<!-- \/ Yoast SEO plugin. -->","yoast_head_json":{"title":"L'HARMONIE - Fanfare Union Instrumentale Del\u00e9mont","robots":{"index":"index","follow":"follow","max-snippet":"max-snippet:-1","max-image-preview":"max-image-preview:large","max-video-preview":"max-video-preview:-1"},"canonical":"https:\/\/fanfareuid.ch\/wordpress\/sample-page\/","og_locale":"fr_FR","og_type":"article","og_title":"L'HARMONIE - Fanfare Union Instrumentale Del\u00e9mont","og_url":"https:\/\/fanfareuid.ch\/wordpress\/sample-page\/","og_site_name":"Fanfare Union Instrumentale Del\u00e9mont","article_modified_time":"2025-02-05T20:14:51+00:00","schema":{"@context":"https:\/\/schema.org","@graph":[{"@type":"WebPage","@id":"https:\/\/fanfareuid.ch\/wordpress\/sample-page\/","url":"https:\/\/fanfareuid.ch\/wordpress\/sample-page\/","name":"L'HARMONIE - Fanfare Union Instrumentale Del\u00e9mont","isPartOf":{"@id":"https:\/\/fanfareuid.ch\/wordpress\/#website"},"datePublished":"2018-09-03T13:16:50+00:00","dateModified":"2025-02-05T20:14:51+00:00","breadcrumb":{"@id":"https:\/\/fanfareuid.ch\/wordpress\/sample-page\/#breadcrumb"},"inLanguage":"fr-FR","potentialAction":[{"@type":"ReadAction","target":["https:\/\/fanfareuid.ch\/wordpress\/sample-page\/"]}]},{"@type":"BreadcrumbList","@id":"https:\/\/fanfareuid.ch\/wordpress\/sample-page\/#breadcrumb","itemListElement":[{"@type":"ListItem","position":1,"name":"Accueil","item":"https:\/\/fanfareuid.ch\/wordpress\/"},{"@type":"ListItem","position":2,"name":"L&rsquo;HARMONIE"}]},{"@type":"WebSite","@id":"https:\/\/fanfareuid.ch\/wordpress\/#website","url":"https:\/\/fanfareuid.ch\/wordpress\/","name":"Fanfare Union Instrumentale Del\u00e9mont","description":"La fanfare de Del\u00e9mont !","publisher":{"@id":"https:\/\/fanfareuid.ch\/wordpress\/#organization"},"potentialAction":[{"@type":"SearchAction","target":{"@type":"EntryPoint","urlTemplate":"https:\/\/fanfareuid.ch\/wordpress\/?s={search_term_string}"},"query-input":{"@type":"PropertyValueSpecification","valueRequired":true,"valueName":"search_term_string"}}],"inLanguage":"fr-FR"},{"@type":"Organization","@id":"https:\/\/fanfareuid.ch\/wordpress\/#organization","name":"Union Instrumentale Delemont","url":"https:\/\/fanfareuid.ch\/wordpress\/","logo":{"@type":"ImageObject","inLanguage":"fr-FR","@id":"https:\/\/fanfareuid.ch\/wordpress\/#\/schema\/logo\/image\/","url":"https:\/\/fanfareuid.ch\/wordpress\/wp-content\/uploads\/2019\/09\/LogoUID.png","contentUrl":"https:\/\/fanfareuid.ch\/wordpress\/wp-content\/uploads\/2019\/09\/LogoUID.png","width":391,"height":206,"caption":"Union Instrumentale Delemont"},"image":{"@id":"https:\/\/fanfareuid.ch\/wordpress\/#\/schema\/logo\/image\/"}}]}},"acf":[],"_links":{"self":[{"href":"https:\/\/fanfareuid.ch\/wordpress\/wp-json\/wp\/v2\/pages\/2","targetHints":{"allow":["GET"]}}],"collection":[{"href":"https:\/\/fanfareuid.ch\/wordpress\/wp-json\/wp\/v2\/pages"}],"about":[{"href":"https:\/\/fanfareuid.ch\/wordpress\/wp-json\/wp\/v2\/types\/page"}],"author":[{"embeddable":true,"href":"https:\/\/fanfareuid.ch\/wordpress\/wp-json\/wp\/v2\/users\/1"}],"replies":[{"embeddable":true,"href":"https:\/\/fanfareuid.ch\/wordpress\/wp-json\/wp\/v2\/comments?post=2"}],"version-history":[{"count":27,"href":"https:\/\/fanfareuid.ch\/wordpress\/wp-json\/wp\/v2\/pages\/2\/revisions"}],"predecessor-version":[{"id":5110,"href":"https:\/\/fanfareuid.ch\/wordpress\/wp-json\/wp\/v2\/pages\/2\/revisions\/5110"}],"wp:attachment":[{"href":"https:\/\/fanfareuid.ch\/wordpress\/wp-json\/wp\/v2\/media?parent=2"}],"curies":[{"name":"wp","href":"https:\/\/api.w.org\/{rel}","templated":true}]}}

<section data-bb-version="4.5.5" id="bt_bb_section6a967e2ba8f46" class="bt_bb_section bt_bb_layout_boxed_1200"  data-bt-override-class="null"><div class="bt_bb_port"><div class="bt_bb_cell"><div class="bt_bb_cell_inner"><div class="bt_bb_row "  data-bt-override-class="{}"><div class="bt_bb_row_holder" ><div data-bb-version="4.5.5"  class="bt_bb_column col-xxl-12 col-xl-12 col-xs-12 col-sm-12 col-md-12 col-lg-12 bt_bb_vertical_align_top bt_bb_align_left bt_bb_padding_normal" style="; --column-width:12;" data-width="12" data-bt-override-class="{}"><div class="bt_bb_column_content"><div class="bt_bb_column_content_inner"><div data-bb-version="4.5.5"  class="bt_bb_text" ></p>
<h3>Historique</h3>
<p><span style="font-size: 16px">L’Union Instrumentale Delémont (UID) est née un jeudi 6 janvier 1878 lors de la Fête des Rois sous la forme d’un chœur. Deux mois plus tard, c’est une musique-fanfare qui voit le jour,</span><span style="font-size: 16px"> </span><em style="font-size: 16px">La jeune jurassienne</em><span style="font-size: 16px">. Aujourd’hui, cette formation se décrit comme une harmonie (orchestre mélangeant bois, cuivres et percussion). Vous pouvez découvrir son évolution à travers le temps sur</span><span style="color: #f0be19"><strong> <a style="color: #f0be19" href="https://fanfareuid.ch/wordpress/wp-content/uploads/2023/04/historique.ppt">Powerpoint</a></strong></span><span style="font-size: 16px"> </span><span style="font-size: 16px">ou</span><span style="font-size: 16px"> </span><strong style="font-size: 16px"><span style="color: #f0be19"><a style="color: #f0be19" href="https://fanfareuid.ch/wordpress/wp-content/uploads/2023/04/historique.pdf">PDF</a></span></strong><span style="font-size: 16px">.</span></p>
<h3>Et aujourd’hui ?</h3>
<p>Au fil des époques, les chefs successifs de l’Instrum ont eu à cœur de développer un répertoire riche et contrasté. Classée 2e division formation harmonie, elle continue de jeter des ponts entre les générations avec sa quarantaine de membres de tout âge. Son objectif est de pratiquer la musique dans la bonne humeur, afin que tous les sociétaires prennent plaisir à participer aux répétitions et autres manifestations.</p>
<p>La société met également un point d’honneur à créer de nouvelles générations de musiciens grâce à son école de musique pour les enfant dès 3 ans.</p>
<p>
</div></div></div></div></div></div></div><!-- cell_inner --></div><!-- cell --></div><!-- port --></section>

<!-- This site is optimized with the Yoast SEO plugin v27.2 - https://yoast.com/product/yoast-seo-wordpress/ -->
<title>L&#039;HARMONIE - Fanfare Union Instrumentale Delémont</title>
<meta name="robots" content="index, follow, max-snippet:-1, max-image-preview:large, max-video-preview:-1" />
<link rel="canonical" href="https://fanfareuid.ch/wordpress/sample-page/" />
<meta property="og:locale" content="fr_FR" />
<meta property="og:type" content="article" />
<meta property="og:title" content="L&#039;HARMONIE - Fanfare Union Instrumentale Delémont" />
<meta property="og:url" content="https://fanfareuid.ch/wordpress/sample-page/" />
<meta property="og:site_name" content="Fanfare Union Instrumentale Delémont" />
<meta property="article:modified_time" content="2025-02-05T20:14:51+00:00" />
<script type="application/ld+json" class="yoast-schema-graph">{"@context":"https://schema.org","@graph":[{"@type":"WebPage","@id":"https://fanfareuid.ch/wordpress/sample-page/","url":"https://fanfareuid.ch/wordpress/sample-page/","name":"L'HARMONIE - Fanfare Union Instrumentale Delémont","isPartOf":{"@id":"https://fanfareuid.ch/wordpress/#website"},"datePublished":"2018-09-03T13:16:50+00:00","dateModified":"2025-02-05T20:14:51+00:00","breadcrumb":{"@id":"https://fanfareuid.ch/wordpress/sample-page/#breadcrumb"},"inLanguage":"fr-FR","potentialAction":[{"@type":"ReadAction","target":["https://fanfareuid.ch/wordpress/sample-page/"]}]},{"@type":"BreadcrumbList","@id":"https://fanfareuid.ch/wordpress/sample-page/#breadcrumb","itemListElement":[{"@type":"ListItem","position":1,"name":"Accueil","item":"https://fanfareuid.ch/wordpress/"},{"@type":"ListItem","position":2,"name":"L&rsquo;HARMONIE"}]},{"@type":"WebSite","@id":"https://fanfareuid.ch/wordpress/#website","url":"https://fanfareuid.ch/wordpress/","name":"Fanfare Union Instrumentale Delémont","description":"La fanfare de Delémont !","publisher":{"@id":"https://fanfareuid.ch/wordpress/#organization"},"potentialAction":[{"@type":"SearchAction","target":{"@type":"EntryPoint","urlTemplate":"https://fanfareuid.ch/wordpress/?s={search_term_string}"},"query-input":{"@type":"PropertyValueSpecification","valueRequired":true,"valueName":"search_term_string"}}],"inLanguage":"fr-FR"},{"@type":"Organization","@id":"https://fanfareuid.ch/wordpress/#organization","name":"Union Instrumentale Delemont","url":"https://fanfareuid.ch/wordpress/","logo":{"@type":"ImageObject","inLanguage":"fr-FR","@id":"https://fanfareuid.ch/wordpress/#/schema/logo/image/","url":"https://fanfareuid.ch/wordpress/wp-content/uploads/2019/09/LogoUID.png","contentUrl":"https://fanfareuid.ch/wordpress/wp-content/uploads/2019/09/LogoUID.png","width":391,"height":206,"caption":"Union Instrumentale Delemont"},"image":{"@id":"https://fanfareuid.ch/wordpress/#/schema/logo/image/"}}]}</script>
<!-- / Yoast SEO plugin. -->

L'HARMONIE - Fanfare Union Instrumentale Delémont

Fanfare Union Instrumentale Delémont

La fanfare de Delémont !
